is divided by o?
135
Let m(v) = 33 + v**2 - 10 - 13 + 2*v - 7. Calculate the remainder when 152 is divided by m(4).
17
Let h(d) = -2*d**2 + 23*d + 15. Let o be h(12). Calculate the remainder when 30 is divided by (-1)/o + (-1273)/(-57).
8
Let k = -16107 - -16239. Let l(o) = 5*o. Calculate the remainder when k is divided by l(4).
12
Let w(a) = -40*a + 10. What is the remainder when w(-4) is divided by 54?
8
Let l(h) = 2*h**2 + 15*h + 29. Let g be l(-5). Suppose g*d = j - 24, -5*j - 4*d = -j - 76. What is the remainder when 75 is divided by j?
15
Let r(p) = 19*p**2 - 1. Let y(z) = -93*z + 6964. What is the remainder when y(73) is divided by r(-1)?
13
Suppose -5*o = -10*o + 1230. Let w be (-28)/70 + o/(-10). Let y = w - -49. What is the remainder when 70 is divided by y?
22
Let p(h) be the first derivative of 53*h**2/2 - 23*h - 58. Calculate the remainder when 177 is divided by p(1).
27
Let s = 17855 - 17836. Suppose 3*o + 156 = 2*t - 13, 0 = -4*o + 12. Calculate the remainder when t is divided by s.
13
Suppose 188 = 5*b - 52. Let f = -46 + b. Suppose 3*u = f*y + 42, -4*u + 3*y + 9 = -47. What is the remainder when 83 is divided by u?
13
Let v = -7 - -7. Suppose v = -2*b + 3*b - 57. Calculate the remainder when b is divided by (4/3 + -1)/((-1)/(-87)).
28
Let q = -40915 - -41161. Calculate the remainder when 1008 is divided by q.
24
Let a = 50 - 36. Suppose a*v - 15*v + 7 = 0. What is the remainder when 19 is divided by v?
5
Let i(p) = -p**3 - 2*p**2 - 3. Let h be i(-3). Let m = 15 + h. Suppose -31*c + 3498 = -377. What is the remainder when c is divided by m?
20
Let j(n) = n**3 - 3*n**2 - 9*n + 26. Let h be j(5). Suppose -3*s + 49 = -0*s + 5*t, -3*s = -4*t - h. Calculate the remainder when 116 is divided by s.
12
Let v(h) be the third derivative of -23/6*h**3 + 1/60*h**5 + 0 + 0*h - 19*h**2 - 1/4*h**4. Calculate the remainder when v(9) is divided by 2.
0
Suppose 9 + 7 = 4*r. Suppose 0 = r*g - 3*g - 190. Calculate the remainder when g is divided by 26*(4/(-26))/(580/(-5655)).
34
Let t be 14/35*(-4220)/((-16)/4). Let y = t - 410. What is the remainder when 62 is divided by y?
2
Let j = -45 - -12. Let z be (2 + 0)/((-22)/j). Suppose -l - z*l = -16. What is the remainder when 14 is divided by l?
2
Let p(n) = -2*n**3 - n**2 + 168*n + 139. Let i(r) = r**2 + 3*r + 1. Calculate the remainder when i(-5) is divided by p(-9).
3
Suppose -3*b = -4*f - 2*b + 45, 0 = -f + 2*b + 6. Suppose -11 = -m + d, 0 = -3*m + 2*d + 23 + f. Calculate the remainder when 154 is divided by m.
11
Let u(w) = -39*w - 469. Calculate the remainder when u(-27) is divided by -1 + (0 - (-3 + -43)).
44
Let d be (2 + -2)/(21/(-7)). Suppose -5*m + 137 = -3*b, d = -b - b + 2. Suppose 50 = g + m. What is the remainder when g is divided by 9?
4
Calculate the remainder when ((-4)/20)/(17/(-28645)) is divided by 38.
33
Suppose 36 = 4*f + y - 11, 0 = -3*f + 4*y + 21. What is the remainder when 3529 is divided by f?
9
Let r(y) = -y**3 - 10*y**2 + 7*y - 11. Let d be r(-8). Let f = d - -309. What is the remainder when f is divided by 24?
18
Suppose -5*s + 183 = 23. Let w be 0/(-1 + -4) - -3. Let u(b) = 13*b**2 + 5*b - 5. Calculate the remainder when u(w) is divided by s.
31
Let g = 52 - 52. Suppose g = 11*q + 10*q - 168. Calculate the remainder when 551 is divided by q.
7
Let s = -8 + 92. Suppose -s = -3*k - k. Suppose 0 = 4*z + 127 - 367. Calculate the remainder when z is divided by k.
18
Suppose -2*b + 52 = -4*p, -4*b - b = -5*p - 125. Let f = 4 + -5. Calculate the remainder when (f/2 - 588/b)*-1 is divided by 13.
12
Suppose -29*h + 7*h = 7*h - 1044. What is the remainder when 657 is divided by h?
9
Let d = -22 - -47. Let w = -7 + -46. Let x = w - -123. What is the remainder when x is divided by d?
20
Let v = -1 + 14. Let f be (3 - 0)*(24/(-8) - -2). Calculate the remainder when ((-26)/(-6) - f)/((-1)/(-3)) is divided by v.
9
Let k(d) = 2*d**3 - 4*d**2 + 5*d - 4. What is the remainder when -6 - (-4 + (-49)/(-14))/(6/1380) is divided by k(3)?
22
Suppose -28*f + 2052 = 26*f. Suppose -2968 - 1326 = -f*b. What is the remainder when b is divided by 15?
8
Suppose 35*u = -37*u + 252*u - 6120. Calculate the remainder when 6765 is divided by u.
33
Suppose -2*f + 3*k - 406 - 606 = 0, -3*f + 3*k - 1524 = 0. Let i = 227 + f. Calculate the remainder when 24/48*(1 - i) is divided by 29.
27
Let f(k) = -k**3 + 10*k**2 + 13*k - 11. Let d be (6/(-8))/3 - 825/60. What is the remainder when (d/18 - (-12)/(-54)) + 65 is divided by f(11)?
9
Let h(g) = -g**2 + 301*g - 4017. What is the remainder when h(15) is divided by 160?
113
Let i = -3850 - -3925. Calculate the remainder when 743 is divided by i.
68
Suppose 3*p - 3*m - 25 = 62, -3*p + 5*m = -97. Suppose 0 = -3*y - 5*a + 476, -5*a - 526 = -5*y + 2*y. Calculate the remainder when y is divided by p.
23
Let u(o) = -50 + 9 + 23*o - 16. Calculate the remainder when 42 is divided by u(3).
6
Suppose 10809 = 34*o - 6599. What is the remainder when o is divided by 47?
42
Suppose 0 = 617*k - 569*k - 432. Calculate the remainder when 547 is divided by k.
7
Suppose 59*r - 90*r + 5728 - 1016 = 0. What is the remainder when 1204 is divided by r?
140
Suppose -11*c = -14*c + 42. Suppose -c + 56 = 14*d. Suppose -55 = -4*n - 3. What is the remainder when n is divided by d?
1
Let h(i) = 12*i - 49. Suppose -6*n + 11*n - 525 = 0. Suppose 0 = -11*t - n + 259. Calculate the remainder when h(t) is divided by 30.
29
Suppose v + 11 = 19 + 38. What is the remainder when 722 is divided by v?
32
Suppose 151 - 1 = 5*l. Suppose 2*w = -2 + 8. Suppose 5*i = -4*x - 0*i - w, 2*x = -2*i. What is the remainder when l is divided by x?
0
Let p(r) = r**2 + 16*r + 19. Suppose 12 = -2*n - 4*y, -1 = -2*y - 5. What is the remainder when n/10 + (-556)/(-5) is divided by p(-16)?
16
Let z = -29 + 270. Let g(p) = p**3 + 13*p**2 - 17*p - 162. Calculate the remainder when z is divided by g(-13).
5
Calculate the remainder when 28 is divided by (10 + 104/(-16))/(3/6).
0
What is the remainder when 11638 is divided by (((-81)/(-12))/(-3))/((-15)/100)?
13
Calculate the remainder when 1570 is divided by 6216/27 + (-262)/1179.
190
Suppose -4*s - t = -5238 - 1387, 2*s - 3315 = -t. What is the remainder when s is divided by 46?
45
Let m be ((-1)/(-3))/((-4)/48). Let h be m + 7 + 32 + -1. Suppose -2*z - h = -3*u, 4*z - 44 = u - 3*u. What is the remainder when 53 is divided by u?
11
Let m(a) be the third derivative of a**4/6 + 29*a**3/6 - 7*a**2. Let d be m(-6). What is the remainder when 77 is divided by (0 - d/(-15))*117?
38
Let w = 5518 + -4332. What is the remainder when w is divided by 36?
34
Calculate the remainder when (11/121 - 30/(-33))*666 is divided by 61.
56
Let u = -3 + 10. Suppose -t + u = 2. Let r(q) = -2*q**2 + 13*q - 3. What is the remainder when 42 is divided by r(t)?
6
Let j = -729 + 754. Let s = 138 + j. What is the remainder when s is divided by 83?
80
Let a = -5241 + 8301. What is the remainder when a is divided by 1522?
16
What is the remainder when (141355/765)/(5/45) is divided by 1?
0
Suppose -2*i = -4*o - 316, -6*o + o + 441 = 3*i. What is the remainder when 462 is divided by i?
6
Suppose -44*g + 47*g + 9 = 4*y, 4*y = -3*g + 39. Calculate the remainder when 4409 is divided by y.
5
Suppose 3*b - 21 = -a, 5*a + 9 = 4*b + 38. Suppose -a*v + 8*v = 0. Suppose v = -3*k - 2*k, 2*k + 13 = w. What is the remainder when 61 is divided by w?
9
Suppose -579 = -76*x + 466 + 247. Let l(r) = r**3 + 4*r**2 - r - 2. What is the remainder when x is divided by l(-2)?
1
Suppose 0 = -673*s + 690*s - 204. Suppose -3*v - 2*v = -255. Calculate the remainder when v is divided by s.
3
Let v = 650 + -650. Calculate the remainder when (8 + 316 - 0) + v is divided by 41.
37
Calculate the remainder when (4/(-42))/((-90)/135) - 3441/(-21) is divided by 58.
48
Suppose i = -2, -3*i = -441*k + 446*k - 39354. Calculate the remainder when k is divided by 105.
102
Suppose -j - 9 - 87 = 0. Let i = j + 415. What is the remainder when i is divided by 14?
11
Suppose -10*f = -2*n - 11*f + 1039, n = -9*f + 460. What is the remainder when n is divided by 12?
7
Let h = 3548 - 3450. Calculate the remainder when h is divided by 62.
36
Let x(j) = -8*j**2 + 36*j + 358. Calculate the remainder when x(8) is divided by 4/(-18) - 326/(-9).
26
Sup